 the prime factors of 34797535?
5, 29, 43, 5581
List the prime factors of 59003826.
2, 3, 7, 37, 43, 883
List the prime factors of 87211624.
2, 1801, 6053
List the prime factors of 31242486.
2, 3, 11, 379, 1249
What are the prime factors of 1574179581?
3, 13, 40363579
List the prime factors of 15210312.
2, 3, 13, 48751
What are the prime factors of 423563522?
2, 211781761
List the prime factors of 3281767814.
2, 13, 569, 221831
List the prime factors of 752295186.
2, 3, 17, 2458481
List the prime factors of 1192133218.
2, 29, 109, 269, 701
What are the prime factors of 81118524?
2, 3, 19, 355783
List the prime factors of 302682799.
302682799
List the prime factors of 2101917670.
2, 5, 149, 1410683
What are the prime factors of 11267753?
7, 17, 94687
List the prime factors of 224285846.
2, 112142923
List the prime factors of 58596869.
2239, 26171
What are the prime factors of 21923570?
2, 5, 569, 3853
List the prime factors of 504126833.
7, 72018119
List the prime factors of 1270761218.
2, 3343, 190063
List the prime factors of 159162261.
3, 277, 191531
List the prime factors of 4109256861.
3, 139, 211, 46703
List the prime factors of 747159372.
2, 3, 20754427
List the prime factors of 283638816.
2, 3, 757, 1301
List the prime factors of 3081909009.
3, 461, 2228423
What are the prime factors of 235088481?
3, 1553, 50459
List the prime factors of 2083980533.
2083980533
What are the prime factors of 51026555?
5, 1777, 5743
What are the prime factors of 2004539763?
3, 31, 149, 144659
What are the prime factors of 66580601?
503, 132367
List the prime factors of 1321198567.
13, 7817743
List the prime factors of 51464819.
7, 7352117
What are the prime factors of 32499171?
3, 97, 12409
What are the prime factors of 1066907315?
5, 31, 83, 127, 653
What are the prime factors of 817046217?
3, 13, 137, 1307
List the prime factors of 401998697.
401998697
What are the prime factors of 381394318?
2, 2371, 80429
List the prime factors of 1526025516.
2, 3, 47, 239, 11321
What are the prime factors of 126696071?
126696071
What are the prime factors of 103734121?
103734121
What are the prime factors of 389173723?
3671, 106013
List the prime factors of 203124902.
2, 223, 455437
List the prime factors of 55015738.
2, 27507869
List the prime factors of 83876883.
3, 23, 373, 3259
What are the prime factors of 451257899?
503, 897133
What are the prime factors of 2312886146?
2, 1931, 598883
What are the prime factors of 2170181971?
17, 227, 331, 1699
List the prime factors of 4866994461.
3, 7, 73, 3174817
List the prime factors of 17537830.
2, 5, 1229, 1427
What are the prime factors of 262412888?
2, 23, 1426157
List the prime factors of 33029528.
2, 7, 12037
What are the prime factors of 1449426225?
3, 5, 13, 1486591
List the prime factors of 421064133.
3, 7, 1571, 12763
What are the prime factors of 11549623?
617, 18719
What are the prime factors of 26018768?
2, 1626173
List the prime factors of 12732685.
5, 7, 23, 15817
List the prime factors of 77094327.
3, 25698109
What are the prime factors of 101819814?
2, 3, 1483, 11443
What are the prime factors of 146571555?
3, 5, 13, 569, 1321
What are the prime factors of 24945708?
2, 3, 19, 23, 67, 71
List the prime factors of 51625991.
17, 3036823
List the prime factors of 221075610.
2, 3, 5, 7, 97, 10853
What are the prime factors of 1339514170?
2, 5, 59, 223, 10181
What are the prime factors of 1585423631?
11, 19, 43, 176413
What are the prime factors of 846053154?
2, 3, 241, 65011
What are the prime factors of 1591135494?
2, 3, 13, 37, 479, 1151
List the prime factors of 692447306.
2, 346223653
What are the prime factors of 1543227817?
43, 67, 449, 1193
List the prime factors of 2195896065.
3, 5, 11, 163, 81647
List the prime factors of 995660039.
11, 90514549
What are the prime factors of 9509267?
9509267
List the prime factors of 6791156453.
19, 31, 37, 43, 7247
List the prime factors of 11068959.
3, 11, 30493
List the prime factors of 25160008.
2, 239, 13159
List the prime factors of 245721388.
2, 11, 5584577
What are the prime factors of 108322197?
3, 101, 131, 2729
What are the prime factors of 1432925997?
3, 149, 3205651
List the prime factors of 464401714.
2, 7, 4738793
List the prime factors of 1584489059.
19, 157, 531173
List the prime factors of 78557845.
5, 37, 41, 10357
List the prime factors of 4294353.
3, 7, 17, 23, 523
What are the prime factors of 342081943?
7, 48868849
List the prime factors of 104557493.
397, 263369
What are the prime factors of 38537593?
71, 542783
What are the prime factors of 1836842201?
1836842201
What are the prime factors of 283089241?
31, 109, 199, 421
What are the prime factors of 42327568?
2, 79, 33487
List the prime factors of 11729452.
2, 7, 418909
What are the prime factors of 12620111?
7, 47, 89, 431
List the prime factors of 15975171.
3, 591673
What are the prime factors of 88438155?
3, 5, 13, 347, 1307
List the prime factors of 239860537.
7, 23, 29, 41, 179
What are the prime factors of 550521633?
3, 11621, 15791
List the prime factors of 7130316.
2, 3, 594193
What are the prime factors of 107722550?
2, 5, 13, 103, 1609
What are the prime factors of 315999649?
7, 45142807
What are the prime factors of 24461114?
2, 12230557
What are the prime factors of 252642204?
2, 3, 7017839
What are the prime factors of 1212803334?
2, 3, 157, 143053
What are the prime factors of 34335143?
34335143
What are the prime factors of 1172094377?
83, 1151, 12269
What are the prime factors of 751914406?
2, 375957203
What are the prime factors of 131074352?
2, 17, 47, 10253
List the prime factors of 62674597.
17, 19, 29, 6691
List the prime factors of 147646027.
147646027
What are the prime factors of 2106268114?
2, 27107, 38851
What are the prime factors of 254734474?
2, 127367237
What are the prime factors of 45037390?
2, 5, 139, 32401
What are the prime factors of 173800978?
2, 13, 439, 15227
What are the prime factors of 4740210443?
241, 19668923
What are the prime factors of 49500435?
3, 5, 3300029
What are the prime factors of 93858501?
3, 11, 2844197
List the prime factors of 1474510396.
2, 751, 490849
List the prime factors of 3659520197.
3659520197
List the prime factors of 2094266744.
2, 2423, 108041
List the prime factors of 1553145062.
2, 7, 257, 61667
What are the prime factors of 26316395?
5, 7, 83, 9059
What are the prime factors of 61260455?
5, 12252091
What are the prime factors of 1271715367?
13, 7524943
List the prime factors of 3295254360.
2, 3, 5, 19, 1445287
List the prime factors of 90279794.
2, 11, 59, 6323
What are the prime factors of 970112567?
569, 1704943
What are the prime factors of 76795328?
2, 197, 6091
List the prime factors of 375204419.
19, 19747601
What are the prime factors of 717349481?
29, 179, 138191
List the prime factors of 7072006953.
3, 11, 17, 12606073
What are the prime factors of 75316728?
2, 3, 73, 42989
List the prime factors of 418898260.
2, 5, 11, 43, 44281
What are the prime factors of 208897187?
47, 4444621
What are the prime factors of 932759911?
932759911
What are the prime factors of 776505633?
3, 1217, 212683
What are the prime factors of 64369720?
2, 5, 19, 84697
What are the prime factors of 3555702413?
191, 2437, 7639
What are the prime factors of 337058917?
13, 19, 59, 101, 229
List the prime factors of 149955321.
3, 2293, 21799
What are the prime factors of 126947486?
2, 641, 99023
What are the prime factors of 4161792?
2, 3, 5419
List the prime factors of 486960033.
3, 7, 23188573
What are the prime factors of 143563620?
2, 3, 5, 19, 125933
List the prime factors of 1804119816.
2, 3, 23, 47, 69539
What are the prime factors of 273220166?
2, 73, 347, 5393
List the prime factors of 42712898.
2, 41, 520889
What are the prime factors of 35737092?
2, 3, 330899
What are the prime factors of 1856743361?
11, 37, 379, 12037
What are the prime factors of 373559918?
2, 37, 449, 11243
List the prime factors of 159930739.
431, 371069
List the prime factors of 138494844.
2, 3, 3847079
What are the prime factors of 783385707?
3, 13, 47, 427379
List the prime factors of 18485293.
18485293
List the prime factors of 109781826.
2, 3, 7, 11, 293, 811
List the prime factors of 56861928.
2, 3, 789749
What are the prime factors of 3118204817?
7, 1